s 867529 composite?
True
Is 189817 a composite number?
False
Is 11429 a prime number?
False
Is 38039 a composite number?
False
Is 85471 a prime number?
False
Is 102901 a composite number?
True
Is 2627 prime?
False
Is 24917 composite?
False
Is 1027 a prime number?
False
Is 1886411 a composite number?
False
Is 345307 a composite number?
False
Is 269239 a composite number?
True
Is 33686 composite?
True
Is 5779 a prime number?
True
Is 17769 prime?
False
Is 18353 composite?
False
Is 439 prime?
True
Is 427121 a prime number?
False
Is 39335 prime?
False
Is 23603 a composite number?
False
Is 4049 prime?
True
Is 111409 a composite number?
False
Is 873959 a composite number?
False
Is 10369 a prime number?
True
Is 284302 prime?
False
Is 420899 prime?
True
Is 31643 prime?
True
Is 952197 prime?
False
Is 5585 a prime number?
False
Is 112733 composite?
True
Is 40126 composite?
True
Is 111797 a prime number?
False
Is 3089 prime?
True
Is 12333 composite?
True
Is 64445 a prime number?
False
Is 22409 a prime number?
True
Is 23631 a composite number?
True
Is 11443 prime?
True
Is 138041 prime?
True
Is 26669 composite?
False
Is 15191 composite?
True
Is 69653 a prime number?
True
Is 201767 a prime number?
True
Is 4751 prime?
True
Is 48707 prime?
False
Is 138821 a prime number?
True
Is 70223 prime?
True
Is 337 a composite number?
False
Is 45519 prime?
False
Is 104693 a prime number?
True
Is 4859 prime?
False
Is 16253 composite?
False
Is 63643 a composite number?
True
Is 36433 a composite number?
False
Is 332987 composite?
False
Is 117737 prime?
False
Is 1211227 a composite number?
False
Is 51317 a composite number?
True
Is 2843 a composite number?
False
Is 682043 a composite number?
True
Is 21209 composite?
True
Is 6599 a prime number?
True
Is 20411 a prime number?
True
Is 35419 prime?
True
Is 197959 composite?
False
Is 14689 prime?
False
Is 3811 prime?
False
Is 5971 composite?
True
Is 4661 a prime number?
False
Is 186869 composite?
False
Is 1205 prime?
False
Is 1217 a composite number?
False
Is 27199 a prime number?
False
Is 88429 composite?
True
Is 7411 a composite number?
False
Is 554261 composite?
True
Is 196135 composite?
True
Is 18665 a composite number?
True
Is 6259 composite?
True
Is 1641 a prime number?
False
Is 28349 composite?
False
Is 9445 a composite number?
True
Is 8383 composite?
True
Is 34334 prime?
False
Is 219111 composite?
True
Is 15077 a prime number?
True
Is 162941 a prime number?
False
Is 126167 a composite number?
True
Is 54231 composite?
True
Is 110239 composite?
True
Is 2533 composite?
True
Is 49857 prime?
False
Is 25423 a composite number?
False
Is 860447 a prime number?
False
Is 24337 a prime number?
True
Is 2 a prime number?
True
Is 2909 a prime number?
True
Is 12827 prime?
False
Is 37337 a prime number?
True
Is 25613 composite?
True
Is 74843 a prime number?
True
Is 4861 composite?
False
Is 1981081 prime?
True
Is 116054 a prime number?
False
Is 388055 composite?
True
Is 1210919 a prime number?
False
Is 403703 composite?
False
Is 569659 prime?
True
Is 14519 composite?
False
Is 420091 a composite number?
True
Is 759611 a composite number?
True
Is 323481 a prime number?
False
Is 24943 prime?
True
Is 67453 prime?
True
Is 80897 prime?
True
Is 4111 composite?
False
Is 37619 prime?
True
Is 995 a prime number?
False
Is 7499 prime?
True
Is 50069 a prime number?
True
Is 65573 a composite number?
True
Is 11027 a composite number?
False
Is 13327 a composite number?
False
Is 5701 a prime number?
True
Is 7453 a prime number?
False
Is 221159 prime?
True
Is 42305 composite?
True
Is 153262 a composite number?
True
Is 1361357 a composite number?
False
Is 21767 composite?
False
Is 4249 prime?
False
Is 240089 a prime number?
True
Is 1668115 prime?
False
Is 4442 composite?
True
Is 514621 composite?
False
Is 3299 a prime number?
True
Is 186541 composite?
True
Is 12517 prime?
True
Is 6805 composite?
True
Is 34015 composite?
True
Is 14143 a prime number?
True
Is 1439 prime?
True
Is 27631 composite?
False
Is 26239 a prime number?
False
Is 3453 prime?
False
Is 127289 a composite number?
False
Is 93473 a prime number?
False
Is 35151 composite?
True
Is 16715 a composite number?
True
Is 51505 a composite number?
True
Is 649 prime?
False
Is 32749 a prime number?
True
Is 180239 prime?
True
Is 266257 prime?
False
Is 34439 a composite number?
False
Is 26977 a prime number?
False
Is 20849 composite?
False
Is 13751 a prime number?
True
Is 23977 composite?
False
Is 13033 a prime number?
True
Is 97919 prime?
True
Is 623 prime?
False
Is 194 composite?
True
Is 5755 a composite number?
True
Is 12889 prime?
True
Is 74117 a prime number?
False
Is 1507 a composite number?
True
Is 2219 composite?
True
Is 179897 a composite number?
False
Is 47237 composite?
False
Is 176671 composite?
True
Is 53213 a composite number?
True
Is 486733 prime?
False
Is 80651 a composite number?
False
Is 667 composite?
True
Is 13093 prime?
True
Is 8714 composite?
True
Is 31541 composite?
False
Is 18457 prime?
True
Is 94361 prime?
False
Is 9637 a prime number?
False
Is 179021 prime?
True
Is 70963 prime?
False
Is 13979 a prime number?
False
Is 506413 composite?
True
Is 1389739 a composite number?
True
Is 137201 composite?
False
Is 349699 a composite number?
True
Is 466777 a composite number?
False
Is 256777 prime?
False
Is 113621 prime?
True
Is 2827369 prime?
True
Is 34607 a composite number?
False
Is 7543 a prime number?
False
Is 5019621 prime?
False
Is 16843 composite?
False
Is 592801 composite?
True
Is 57067 a prime number?
False
Is 5411 composite?
True
Is 762683 prime?
False
Is 3671 prime?
True
Is 251831 a prime number?
True
Is 127637 a prime number?
True
Is 1008403 prime?
False
Is 12718 prime?
False
Is 79531 prime?
True
Is 827533 a composite number?
True
Is 26615 a prime number?
False
Is 456253 composite?
True
Is 5273 a prime number?
True
Is 3239 prime?
False
Is 54709 composite?
False
Is 261673 a composite number?
False
Is 80583 composite?
True
Is 1823 prime?
True
Is 48049 composite?
False
Is 73543 prime?
False
Is 1939139 prime?
False
Is 1219486 a composite number?
True
Is 123483 composite?
True
Is 706 prime?
False
Is 510311 a prime number?
True
Is 4871 a prime number?
True
Is 21955 a composite number?
True
Is 6779 a prime number?
True
Is 56617 a prime number?
False
Is 2361 composite?
True
Is 8801 prime?
False
Is 119 prime?
False
Is 910603 prime?
True
Is 2440253 composite?
False
Is 17657 a composite number?
False
Is 6803 a composite number?
False
Is 8223 a prime number?
False
Is 1620107 a composite number?
False
Is 17519 a composite number?
False
Is 1060549 a composite number?
True
Is 2579755 prime?
False
Is 2707 composite?
False
Is 1152247 prime?
False
Is 90223 prime?
False
Is 43235 a prime number?
False
Is 11281 composite?
True
Is 300481 a composite number?
False
Is 2863 composite?
True
Is 129367 composite?
True
Is 1217 prime?
True
Is 244529 a composite number?
False
Is 1039 composite?
False
Is 20287 a composite number?
False
Is 7169 prime?
False
Is 776047 composite?
False
Is 11283 composite?
True
Is 1651 prime?
False
Is 4751 composite?
False
Is 18169 a composite number?
False
Is 330817 a prime number?
False
Is 12202 a prime number?
False
Is 6163 a prime number?
True
Is 2961627 a prime number?
False
Is 6677 a prime number?
False
Is 34381 a composite number?
False
Is 65951 a composite number?
False
Is 105233 a composite number?
True
Is 893377 a prime number?
False
Is 309527 a prime number?
False
Is 825017 a composite number?
False
Is 1982699 a prime number?
False
Is 1415 a composite number?
True
Is 1021043 a prime number?
True
Is 1651 prime?
False
Is 16347 a prime number?
False
Is 676939 a composite number?
True
Is 315037 prime?
True
Is 498377 a composite number?
True
Is 276933 composite?
True
Is 28131 prime?
False
Is 9883 a composite number?
False
Is 1903533 a composite number?
True
Is 497383 prime?
False
Is 720751 a composite number?
True
Is 197663 composite?
True
Is 287065 a composite number?
True
Is 3711 a prime number?
False
Is 35519 prime?
False
Is 55603 prime?
True
Is 19501 prime?
True
Is 122309 a prime number?
False
Is 18301 prime?
True
Is 26734 a composite number?
True
Is 3570845 a prime number?
False
Is 220663 a prime number?
True
Is 508945 a prime number?
False
Is 243229 prime?
False
Is